{"id":128,"date":"2023-04-23T13:41:09","date_gmt":"2023-04-23T13:41:09","guid":{"rendered":"https:\/\/www.rebeccamay.at\/?page_id=128"},"modified":"2023-05-08T18:10:05","modified_gmt":"2023-05-08T18:10:05","slug":"djinkuesse","status":"publish","type":"page","link":"https:\/\/www.rebeccamay.at\/?page_id=128","title":{"rendered":"Djink\u00fcsse"},"content":{"rendered":"\n<p><strong>Diana braucht keinen Leibw\u00e4chter.<\/strong><br><br>Nicht wegen der paar Mordversuche gegen sie. Wirklich nicht. Auch keinen wie Jasper, den Djin mit den unordentlichen Haaren und vielfarbigen Augen, der ihr keinen Augenblick von der Seite weicht.&nbsp;<strong>Vor allem nicht Jasper<\/strong>, der droht, zu einer Ablenkung zu werden. Denn weder ihr Clan noch ihr Leibw\u00e4chter wissen, dass Diana eine geheime Mission hat. Die junge Magierin ist wild entschlossen, ihren Auftrag durchzuf\u00fchren \u2013 den Angriffen auf ihr Leben zum Trotz. Doch damit ihr Plan gelingt,&nbsp;<strong>muss sie Jasper loswerden<\/strong>.<br><br><strong>Und Diana ist sich nicht sicher, ob sie das wirklich noch will \u2026<\/strong><\/p>\n\n\n\n<p><em>Magical Kisses &#8211; Romantische Fantasy f\u00fcr Zwischendurch<\/em><\/p>\n\n\n\n<div class=\"wp-block-buttons is-layout-flex wp-block-buttons-is-layout-flex\">\n<div class=\"wp-block-button\"><a class=\"wp-block-button__link has-background wp-element-button\" href=\"https:\/\/amzn.to\/3VLlqCI\" style=\"background-color:#fcb3ae\" target=\"_blank\" rel=\"noreferrer noopener\">Amazon<\/a><\/div>\n\n\n\n<div class=\"wp-block-button\"><a class=\"wp-block-button__link has-background wp-element-button\" href=\"https:\/\/www.thalia.at\/shop\/home\/artikeldetails\/A1060178302\" style=\"background-color:#fcb3ae\" target=\"_blank\" rel=\"noreferrer noopener\">Thalia<\/a><\/div>\n<\/div>\n\n\n\n<figure class=\"wp-block-image size-large\"><img data-recalc-dims=\"1\" loading=\"lazy\" decoding=\"async\" width=\"780\" height=\"654\" src=\"https:\/\/i0.wp.com\/www.rebeccamay.at\/wp-content\/uploads\/2023\/04\/djinkuesse.png?resize=780%2C654&#038;ssl=1\" alt=\"\" class=\"wp-image-144\" srcset=\"https:\/\/i0.wp.com\/www.rebeccamay.at\/wp-content\/uploads\/2023\/04\/djinkuesse.png?resize=1024%2C858&amp;ssl=1 1024w, https:\/\/i0.wp.com\/www.rebeccamay.at\/wp-content\/uploads\/2023\/04\/djinkuesse.png?resize=300%2C251&amp;ssl=1 300w, https:\/\/i0.wp.com\/www.rebeccamay.at\/wp-content\/uploads\/2023\/04\/djinkuesse.png?resize=768%2C644&amp;ssl=1 768w, https:\/\/i0.wp.com\/www.rebeccamay.at\/wp-content\/uploads\/2023\/04\/djinkuesse.png?resize=1536%2C1288&amp;ssl=1 1536w, https:\/\/i0.wp.com\/www.rebeccamay.at\/wp-content\/uploads\/2023\/04\/djinkuesse.png?resize=800%2C671&amp;ssl=1 800w, https:\/\/i0.wp.com\/www.rebeccamay.at\/wp-content\/uploads\/2023\/04\/djinkuesse.png?resize=477%2C400&amp;ssl=1 477w, https:\/\/i0.wp.com\/www.rebeccamay.at\/wp-content\/uploads\/2023\/04\/djinkuesse.png?resize=80%2C66&amp;ssl=1 80w, https:\/\/i0.wp.com\/www.rebeccamay.at\/wp-content\/uploads\/2023\/04\/djinkuesse.png?w=1880&amp;ssl=1 1880w\" sizes=\"auto, (max-width: 780px) 100vw, 780px\" \/><\/figure>\n\n\n\n<h2 class=\"wp-block-heading has-text-color\" style=\"color:#dc635a\">Leseprobe<\/h2>\n\n\n\n<p class=\"has-black-color has-text-color\">Ungl\u00e4ubig blinzelte sie auf die hellblauen Wellen, die malerisch gegen einen wei\u00dfen Sandstrand schlugen.<br>\u00bbWas zum -? Du!\u00ab Diana wirbelte herum und stie\u00df Jasper den Zeigefinger vor die Brust. \u00bbBring mich zur\u00fcck! Sofort!\u00ab<br>\u00bbNein\u00ab, sagte der Djin gelassen. \u00bbEs ist zu gef\u00e4hrlich.\u00ab<br>\u00bbGef\u00e4hrlich?\u00ab Diana bohrte ihren Finger erneut in sein Hemd. \u00bbGef\u00e4hrlich? Es war ein komplett harmloser Gartentroll!\u00ab<br>\u00bbDie daf\u00fcr bekannt sind, Magiern ihre Energie auszusaugen.\u00ab Der Djin verzog das Gesicht. \u00bbAbgesehen davon, dass ihre Bisse so ziemlich jede Krankheit \u00fcbertragen.\u00ab<br>\u00bbHarmlos\u00ab, knurrte Diana, die nicht zugeben wollte, dass er recht hatte. \u00bbUnd selbst wenn, mit so etwas wie dem werde ich fertig.\u00ab Nicht, dass sie unbedingt in der N\u00e4he eines Gartentrolls sein wollte, doch es war ihre M\u00f6glichkeit, ihrem Clan und den unbekannten Angreifern zu zeigen, dass sie sehr wohl auf sich selbst achten konnte. \u00bbBring mich zur\u00fcck!\u00ab, forderte sie und versuchte, seinen Arm zu packen.<br>\u00bbUnd lasse mir von deinem Clan den Kopf abrei\u00dfen?\u00ab, war die milde Entgegnung des Djins, der ihr m\u00fchelos auswich. \u00bbIch denke kaum.\u00ab<\/p>\n\n\n\n<h2 class=\"wp-block-heading has-text-color\" style=\"color:#dc635a\">Leserstimmen<\/h2>\n\n\n\n<p>&#8222;Mein bisher liebstes Buch in der Reihe, obwohl ich die anderen auch mochte, hat Djink\u00fcsse nochmal einen drauf gelegt und mein Herz h\u00f6her schlagen lassen. Es war s\u00fc\u00df, romantisch, mit gen\u00fcgend Herzklopfen und Aufregung, ohne auf Brutalit\u00e4t zur\u00fcckgreifen zu m\u00fcssen. Es hatte alles was ich an Romance liebe und ist gleichzeitig unschuldig genug f\u00fcr jedes Alter.&#8220;<\/p>\n","protected":false},"excerpt":{"rendered":"<p>Diana braucht keinen Leibw\u00e4chter. Nicht wegen der paar Mordversuche gegen sie. Wirklich nicht. Auch keinen &hellip; <\/p>\n","protected":false},"author":1,"featured_media":0,"parent":5,"menu_order":0,"comment_status":"closed","ping_status":"closed","template":"","meta":{"footnotes":""},"class_list":["post-128","page","type-page","status-publish","hentry","latest_post"],"aioseo_notices":[],"jetpack_sharing_enabled":true,"_links":{"self":[{"href":"https:\/\/www.rebeccamay.at\/index.php?rest_route=\/wp\/v2\/pages\/128","targetHints":{"allow":["GET"]}}],"collection":[{"href":"https:\/\/www.rebeccamay.at\/index.php?rest_route=\/wp\/v2\/pages"}],"about":[{"href":"https:\/\/www.rebeccamay.at\/index.php?rest_route=\/wp\/v2\/types\/page"}],"author":[{"embeddable":true,"href":"https:\/\/www.rebeccamay.at\/index.php?rest_route=\/wp\/v2\/users\/1"}],"replies":[{"embeddable":true,"href":"https:\/\/www.rebeccamay.at\/index.php?rest_route=%2Fwp%2Fv2%2Fcomments&post=128"}],"version-history":[{"count":4,"href":"https:\/\/www.rebeccamay.at\/index.php?rest_route=\/wp\/v2\/pages\/128\/revisions"}],"predecessor-version":[{"id":171,"href":"https:\/\/www.rebeccamay.at\/index.php?rest_route=\/wp\/v2\/pages\/128\/revisions\/171"}],"up":[{"embeddable":true,"href":"https:\/\/www.rebeccamay.at\/index.php?rest_route=\/wp\/v2\/pages\/5"}],"wp:attachment":[{"href":"https:\/\/www.rebeccamay.at\/index.php?rest_route=%2Fwp%2Fv2%2Fmedia&parent=128"}],"curies":[{"name":"wp","href":"https:\/\/api.w.org\/{rel}","templated":true}]}}