{"id":234,"date":"2024-05-20T19:32:55","date_gmt":"2024-05-20T19:32:55","guid":{"rendered":"https:\/\/www.rebeccamay.at\/?page_id=234"},"modified":"2024-05-20T19:35:16","modified_gmt":"2024-05-20T19:35:16","slug":"diebeskuesse","status":"publish","type":"page","link":"https:\/\/www.rebeccamay.at\/?page_id=234","title":{"rendered":"Diebesk\u00fcsse"},"content":{"rendered":"\n<h2 class=\"wp-block-heading\"><em>DIEBESK\u00dcSSE<\/em><\/h2>\n\n\n\n<p><strong>Maia plant einen Diebeszug.<\/strong><\/p>\n\n\n\n<p>In der Nacht des Juwelenballs wird sie in sich unter die G\u00e4ste schmuggeln und den Magierclan um einige seiner Sch\u00e4tze erleichtern. Nur eine Handvoll der Schmuckst\u00fccke w\u00fcrde all ihre Probleme l\u00f6sen!<br>Aber Maia muss schnell feststellen, dass sie nicht als Einzige hinter den Juwelen her ist. Auch der Dieb Aden hat sein Auge auf die Sch\u00e4tze geworfen.<\/p>\n\n\n\n<p>Als Aden Maia vorschl\u00e4gt, gemeinsame Sache zu machen und mit ihm zusammen in der Ballnacht zuzuschlagen, stimmt sie widerwillig zu: Aber auch wenn sie am liebsten einen Bogen um den Mann machen will &#8211; wenn sie an die Sch\u00e4tze des Clans kommen will, braucht sie seine Hilfe.<\/p>\n\n\n\n<p>Diebe in ihrer N\u00e4he zu haben ist gef\u00e4hrlich f\u00fcr Maia und sie kann den Moment, an dem sie Aden nie wieder sehen muss, kaum erwarten. <\/p>\n\n\n\n<p><strong>Doch w\u00e4hrend sie zusammen ihren Diebstahl planen, ist es auf einmal Maias Herz, das in Gefahr schwebt, gestohlen zu werden&#8230;<\/strong><\/p>\n\n\n\n<p><em>Magical Kisses &#8211; Romantische Fantasy f\u00fcr Zwischendurch<\/em><\/p>\n\n\n\n<div class=\"wp-block-buttons is-layout-flex wp-block-buttons-is-layout-flex\">\n<div class=\"wp-block-button\"><a class=\"wp-block-button__link has-background wp-element-button\" href=\"https:\/\/amzn.eu\/d\/0Jzjw0x\" style=\"background-color:#fcb3ae\" target=\"_blank\" rel=\"noreferrer noopener\">Amazon<\/a><\/div>\n\n\n\n<div class=\"wp-block-button\"><a class=\"wp-block-button__link has-background wp-element-button\" href=\"https:\/\/www.thalia.at\/shop\/home\/suggestartikel\/A1071791264?sq=Diebesk%C3%BCsse&amp;stype=productName\" style=\"background-color:#fcb3ae\" target=\"_blank\" rel=\"noreferrer noopener\">Thalia<\/a><\/div>\n<\/div>\n\n\n\n<figure class=\"wp-block-image size-full\"><img data-recalc-dims=\"1\" loading=\"lazy\" decoding=\"async\" width=\"780\" height=\"654\" src=\"https:\/\/i0.wp.com\/www.rebeccamay.at\/wp-content\/uploads\/2024\/05\/Erscheint-15.5.png?resize=780%2C654&#038;ssl=1\" alt=\"\" class=\"wp-image-235\" srcset=\"https:\/\/i0.wp.com\/www.rebeccamay.at\/wp-content\/uploads\/2024\/05\/Erscheint-15.5.png?w=940&amp;ssl=1 940w, https:\/\/i0.wp.com\/www.rebeccamay.at\/wp-content\/uploads\/2024\/05\/Erscheint-15.5.png?resize=300%2C251&amp;ssl=1 300w, https:\/\/i0.wp.com\/www.rebeccamay.at\/wp-content\/uploads\/2024\/05\/Erscheint-15.5.png?resize=768%2C644&amp;ssl=1 768w, https:\/\/i0.wp.com\/www.rebeccamay.at\/wp-content\/uploads\/2024\/05\/Erscheint-15.5.png?resize=80%2C66&amp;ssl=1 80w\" sizes=\"auto, (max-width: 780px) 100vw, 780px\" \/><\/figure>\n\n\n\n<h2 class=\"wp-block-heading has-text-color\" style=\"color:#dc635a\">LESEPROBE<\/h2>\n\n\n\n<p>\u00bbDa wir jetzt zusammenarbeiten\u00ab, sagte Aden und Maias Augen verengten sich. Sie konnte sich nicht daran erinnern, zugestimmt zu haben. Doch sie sagte nichts. Warum Herumdiskutieren, wenn ihre Entscheidung so offensichtlich war, ausgesprochen oder nicht? \u00bb\u2026 sollten wir unsere Pl\u00e4ne entsprechend anpassen\u00ab, beendete er seinen Satz.<br>\u00bbDamit meinst du, dass du mich irgendwie in deinen einbaust, oder?\u00ab, fragte sie, mehr erleichtert als emp\u00f6rt.<br>\u00bbWir k\u00f6nnen auch gerne deinen nehmen\u00ab, sagte der Dieb mit leicht gequ\u00e4ltem L\u00e4cheln.<br>\u00bbDu bist es nicht gewohnt, dich an andere anzupassen, oder?\u00ab, stellte sie fest.<br>\u00bbDoch?\u00ab Er klang selbst nicht \u00fcberzeugt. Maia sah ihn nur an. \u00bbAber meistens ist es nicht notwendig?\u00ab<br>Sie musste lachen. \u00bbDann lass mal deinen Plan h\u00f6ren, von dem du so \u00fcberzeugt bist.\u00ab Sie konnte noch nicht einsch\u00e4tzen, was Arroganz und was einfach Selbstbewusstsein aufgrund seiner Erfahrung war, aber immerhin schien er ehrlich zu sein.<br>\u00bbDas sagst du nur, weil du keinen hast\u00ab, sagte er, aber sein Ton machte klar, dass er es nicht ernst meinte.<br>\u00bbErtappt\u00ab, gab sie im gleichen Tonfall zur\u00fcck, nur, dass es in ihrem Fall die Wahrheit und kein Scherz war. \u00bbAlso?\u00ab<\/p>\n\n\n\n<h2 class=\"wp-block-heading has-text-color\" style=\"color:#dc635a\">LESERSTIMMEN<\/h2>\n\n\n\n<p>&#8222;Wie immer eine zuckers\u00fc\u00dfe Geschichte mit Happy End, das einen mit einem wohligen Gef\u00fchl zur\u00fcckl\u00e4sst. Absolute feel good romance, wie die anderen B\u00e4nde der Reihe auch. Freu mich schon auf den n\u00e4chsten Teil.&#8220;<\/p>\n","protected":false},"excerpt":{"rendered":"<p>DIEBESK\u00dcSSE Maia plant einen Diebeszug. In der Nacht des Juwelenballs wird sie in sich unter &hellip; <\/p>\n","protected":false},"author":1,"featured_media":0,"parent":5,"menu_order":0,"comment_status":"closed","ping_status":"closed","template":"","meta":{"footnotes":""},"class_list":["post-234","page","type-page","status-publish","hentry","latest_post"],"aioseo_notices":[],"jetpack_sharing_enabled":true,"_links":{"self":[{"href":"https:\/\/www.rebeccamay.at\/index.php?rest_route=\/wp\/v2\/pages\/234","targetHints":{"allow":["GET"]}}],"collection":[{"href":"https:\/\/www.rebeccamay.at\/index.php?rest_route=\/wp\/v2\/pages"}],"about":[{"href":"https:\/\/www.rebeccamay.at\/index.php?rest_route=\/wp\/v2\/types\/page"}],"author":[{"embeddable":true,"href":"https:\/\/www.rebeccamay.at\/index.php?rest_route=\/wp\/v2\/users\/1"}],"replies":[{"embeddable":true,"href":"https:\/\/www.rebeccamay.at\/index.php?rest_route=%2Fwp%2Fv2%2Fcomments&post=234"}],"version-history":[{"count":1,"href":"https:\/\/www.rebeccamay.at\/index.php?rest_route=\/wp\/v2\/pages\/234\/revisions"}],"predecessor-version":[{"id":236,"href":"https:\/\/www.rebeccamay.at\/index.php?rest_route=\/wp\/v2\/pages\/234\/revisions\/236"}],"up":[{"embeddable":true,"href":"https:\/\/www.rebeccamay.at\/index.php?rest_route=\/wp\/v2\/pages\/5"}],"wp:attachment":[{"href":"https:\/\/www.rebeccamay.at\/index.php?rest_route=%2Fwp%2Fv2%2Fmedia&parent=234"}],"curies":[{"name":"wp","href":"https:\/\/api.w.org\/{rel}","templated":true}]}}